 + 15 = 0. Suppose -s + 0 = -f. Let z = 6 + s. What are the prime factors of z?
2
List the prime factors of -6 - -3 - 90/(-2).
2, 3, 7
What are the prime factors of 1 + -5 - -12*2?
2, 5
Let x be 17 - (-2 - (-3 + 0)). Let f = x + -6. List the prime factors of f.
2, 5
Suppose 5*d = 3*d - 8. Let r = d + 7. Suppose r*c - 2*g - 44 = 3*g, 5*c - 64 = -g. What are the prime factors of c?
13
List the prime factors of (2 + -3)*1 + 26 + -1.
2, 3
Let d(g) = -g**3 - 4*g**2 + 9*g - 19. What are the prime factors of d(-8)?
3, 5, 11
Let k(h) = 8*h - 2. Let g be k(-2). Let r = g + 24. What are the prime factors of r?
2, 3
Let z(b) = -b**3 - b**2 + 10*b - 4. What are the prime factors of z(-6)?
2, 29
Let a be (4/6)/((-4)/(-18)). Let z(g) = g**2 + 5*g - 3. Let t be z(a). What are the prime factors of t/(-1 - 2)*-1?
7
Let g(c) = 6*c + 2 - 4*c**2 + 0*c**3 - 5 + c**3 - 2. What are the prime factors of g(4)?
19
Suppose -136 = -6*g - 22. What are the prime factors of g?
19
Let g(j) = j + 7. Let b be g(-5). Suppose -i = b*i - 6. What are the prime factors of i?
2
Suppose -4*b + 8*b = 64. List the prime factors of b.
2
Let a(v) be the second derivative of -v**3/3 + 9*v**2/2 - 10*v. What are the prime factors of a(-7)?
23
Let d be (-6)/(-15) + 327/(-5). List the prime factors of d/(-15) - 2/(-3).
5
Let q(m) be the first derivative of 1/3*m**3 + 0*m**2 + 3 + 2*m. List the prime factors of q(-3).
11
Let v(c) = -c**3 - 2*c**2 + 4*c. Let q be v(-3). What are the prime factors of 23 + 3/1 + q?
23
Let b be 20/8 - (-1)/2. Suppose -5*y - 4*r + 96 = 0, -3*y - b*r - r = -56. What are the prime factors of y?
2, 5
Let j(p) = -p**3 + 3*p**2 + 10*p - 2. Let q be j(5). Let h = -1 + 2. List the prime factors of (-11)/(h + q/1).
11
Let p = 505 - 243. List the prime factors of p.
2, 131
Suppose -5*o + 9 = -6. Let n(k) = -k**3 + 5*k**2 - 3*k + 4. What are the prime factors of n(o)?
13
Suppose -4*z = 5*c - z - 1, 2*c = -5*z - 11. Suppose -7*x + c*x = -15. Suppose t - 5*o - 32 = 0, x*t - 64 = -o - 16. What are the prime factors of t?
17
Suppose 0 = -3*u - 12 - 0. Let s(f) = 2*f + 5. Let q be s(u). Let p = q + 6. What are the prime factors of p?
3
Suppose -2*q = 27 + 9. Let w = -2 - q. What are the prime factors of w?
2
Let q(x) = x - 3. Let g be q(7). Suppose 2*p + 87 = 5*l - 2*p, -48 = -4*l - g*p. What are the prime factors of l?
3, 5
Let y(a) = a**2 - 9*a. Let j be (5 - 0)/(3/6). List the prime factors of y(j).
2, 5
Suppose -2*q + 1 = -3. Let h = 6 - q. Suppose h*f + 3 = 43. List the prime factors of f.
2, 5
Let t = -19 + 34. Let j = -9 + t. What are the prime factors of j?
2, 3
Let g = 13 + -1. Suppose 3*j - g = 2*j. List the prime factors of j.
2, 3
Suppose 5*p - 11 = 4. Let l be p/(2/(-8)*-6). Suppose -2*t = l*t - 44. List the prime factors of t.
11
Let v(o) = o**3 - o. Let k be v(0). Suppose k*j - 42 = -2*j. Suppose 5*n = -2*w + j, 3*w - 51 = -0*w - n. What are the prime factors of w?
2, 3
Suppose 3*m - 44 = -m. Let s = m + 12. What are the prime factors of s?
23
Let n(k) = -3*k. Let g be n(3). Let w be g/(-6) + 134/(-4). Let d = 47 + w. List the prime factors of d.
3, 5
Let z = -4 + 77. Let f = -36 + z. What are the prime factors of f?
37
Let g(y) = y**2 + 9*y + 5. Let c be g(-10). Let j = c + 3. What are the prime factors of j?
2, 3
Let y(d) be the second derivative of d**3/6 + d**2 - 5*d. List the prime factors of y(5).
7
Suppose 0*w - 188 = -4*w. What are the prime factors of w?
47
Suppose s - 359 = -3*s + 5*t, -3*s - t = -255. List the prime factors of s.
2, 43
Let a = 12 - 9. Let p(y) = -y**2 - 7*y + 2. Let q be p(-7). Suppose -a - q = -n. List the prime factors of n.
5
Suppose -474 + 48 = -3*h. What are the prime factors of h?
2, 71
List the prime factors of 2 - -17 - (-12)/6.
3, 7
Let j(t) = -3*t**2 + 12*t - 14. Let f(d) = 8*d**2 - 35*d + 41. Let u(g) = -4*f(g) - 11*j(g). What are the prime factors of u(-10)?
2, 5
Let b(l) be the second derivative of -1/3*l**3 + 5/12*l**4 - 1/20*l**5 + 0 - 4*l - l**2. What are the prime factors of b(4)?
2, 3
Let m(w) = w - 3. Let b be m(4). List the prime factors of (-6)/(-1) + -1*b.
5
Suppose 2*o + 2 + 8 = 3*j, 10 = -5*j - 2*o. Suppose -4 = -j*l - l. Suppose -4*n - 3*p = -72, l*n - 5*p - 41 = -1. What are the prime factors of n?
3, 5
Suppose 3*s + 3*u - 75 = 0, 0*s - 4*u = -4*s + 92. List the prime factors of s.
2, 3
Suppose -i + d = 0, -4*d + 20 = -9*d. List the prime factors of -1 - (i - (3 + 0)).
2, 3
Let s(m) be the third derivative of -m**4/12 + 2*m**3/3 + 2*m**2. What are the prime factors of s(-4)?
2, 3
Let o(x) = 2*x**2 + 2*x + 3. Let w(u) = u**2 + u + 2. Let h(p) = 3*o(p) - 4*w(p). List the prime factors of h(-2).
5
Let j(b) = -4*b**3 - 1. Let n be j(-1). Suppose 0 = -n*x + 21 - 9. Suppose -2*o - x*z = 8, o + 4*z = 7*z + 21. List the prime factors of o.
2, 3
Suppose -2*t = -3 - 1. Suppose -i - 3*c = -74, -93 = -t*i - 0*i + 5*c. Suppose -5*f - p + 6*p + 85 = 0, -3*f - 5*p + i = 0. What are the prime factors of f?
2, 3
Let l(m) = 16*m + 1. Let b be l(-1). Let w = b - -62. List the prime factors of w.
47
Let d(k) = -k + 39. What are the prime factors of d(14)?
5
Suppose -2*q - 3*m + 1 = 0, q - 2*q + 5*m = 32. List the prime factors of (-2)/q - (-620)/35.
2, 3
Let r = 24 - -22. What are the prime factors of r?
2, 23
Let n(k) = 4*k**2 - k. Let t be n(-1). Suppose -t*r - 3 = -38. List the prime factors of r.
7
Let i = 46 - 9. What are the prime factors of i?
37
Let c(b) = -8*b - 13. Let a be c(-11). Suppose 0 = r + 2*r - a. List the prime factors of r.
5
Let r be (-132)/30 - (-2)/5. Let j be (3 + (-21)/6)*r. Suppose 29 = 3*z - h, -j*z + 2*h = 4*h - 6. List the prime factors of z.
2
Let n(x) = x**3 + 3*x**2 + x + 1. Let a be n(-2). Suppose a*m - 10 = m. What are the prime factors of m?
5
Let s = 95 - 57. List the prime factors of s.
2, 19
Let d(b) = b - 3. Let z be d(5). Let v(t) = -t**2 - t + 72. Let c be v(0). Suppose y - 6 = -z*m + 3, -4*y + 4*m = -c. What are the prime factors of y?
3, 5
Let s(u) = 5*u**2 + u + 1. Let k be s(-1). Suppose -4*v + 0*x = 2*x - 50, -70 = -k*v + 5*x. Suppose -5*m = -v - 2. List the prime factors of m.
3
Let x(q) = 27*q - 36. What are the prime factors of x(6)?
2, 3, 7
Let w(d) be the first derivative of d**3 + 7*d**2/2 + 6*d + 7. What are the prime factors of w(-5)?
2, 23
Let f be (-2)/(-8) - (-22)/8. Suppose -f*g = -0*g - 2*d + 1, -3*d - 12 = 0. What are the prime factors of (-30)/(-2) + g + 0?
2, 3
List the prime factors of (-6)/(((-6)/(-140))/(6/(-8))).
3, 5, 7
Let y = -7 + 27. What are the prime factors of y?
2, 5
Let g = 1 + -3. Let y be g/(-4)*2 + 2. What are the prime factors of 3*y + (-2)/2?
2
List the prime factors of (-7 + 40)*3*1.
3, 11
Suppose -2*w - w + 6 = 0. Suppose w*u - 62 = -10. List the prime factors of u.
2, 13
Let g(w) = -29*w - 1. What are the prime factors of g(-4)?
5, 23
Let w(j) be the first derivative of -9*j**4 + 2*j**3/3 + j**2/2 - 2. List the prime factors of w(-1).
37
Suppose -30 = -2*f - 2*h, -2*h = h - 9. Let p = 11 + f. Let u = -14 + p. What are the prime factors of u?
3
Let o(h) = -5*h**3 + h**2 + 2. What are the prime factors of o(-2)?
2, 23
What are the prime factors of (6/(-8))/((-12)/816)?
3, 17
Let y = 38 + 23. What are the prime factors of y?
61
Let t(u) = u**2 + 27. What are the prime factors of t(0)?
3
Let j = 12 - 14. What are the prime factors of j*(19/(-2) - 0)?
19
Suppose -439 - 141 = -4*h. Suppose l + h = 5*b, -71 = -3*b + b + 3*l. What are the prime factors of b?
2, 7
Suppose 2*u - 22 = 2*y, -u - 3*u - 4*y = -12. Let t(b) = -b**3 + 6*b**2 + 8*b + 1. Let i be t(u). Let n = 5 + i. List the prime factors of n.
13
Let j = 20 + 4. Let c = j + -14. What are the prime factors of c?
2, 5
Suppose -t + 3*t = 0. Suppose -2*k - k + 42 = t. What are the prime factors of k?
2, 7
Suppose 2*z - 7 = -4*t + 157, 2*t = 4*z + 82. What are the prime factors of t?
41
Suppose -4*m + 10 = 2. Suppose m*l - 2 = -8. List the prime factors of 4*-1*l/1.
2, 3
Let u be 180/(-6)*(-8)/(-6). What are the prime factors of ((-12)/5)/(6/u)?
2
Let i(x) = -2*x**2 + 2*x + 7 + 1 - 6 - 3*x**3. What are the prime factors of i(-2)?
2, 7
Suppose -2*y + 73 + 4 = 3*x, 3*y = -6. Suppose 0 = 5*l + 5*w + 37 + 33, 4*w - 16 = 4*l. Let a = l + x. What are the prime factors of a?
2, 3
Let d = -12 - -10. Let h(